- 785338 + 2028719, -2*i + 4*o = -497394. Is i a composite number?
True
Let n = -45 + 50. Suppose -n*k + 4239 = 4*k. Let d = k + -5. Is d a prime number?
False
Let m(i) = 2*i**3 - 24*i**2 + 2. Let y be m(12). Suppose 5*r = y*p + 73571, 2*p = -2*r + p + 29423. Is r prime?
True
Let y(w) = 11*w**3 - 11*w**2 + 11*w + 7. Suppose -6*z + b = -9*z + 18, 4*b = 0. Is y(z) composite?
False
Is (-188)/16*10*1262/(-5) composite?
True
Is 6070/(-15)*10476/(-72) a composite number?
True
Let j(k) = -k**3 + 6*k**2 + 8*k + 5. Let a be j(7). Suppose 7*h - a*h = -18265. Is h composite?
True
Let c(j) = -240*j**3 + 13*j**2 + 197*j + 53. Is c(-10) a prime number?
True
Let m = 1956 + -1082. Suppose -m = -9*v - 2503. Let i = v - -764. Is i a composite number?
True
Let q be 4 + (-10)/6 - 4/(-6). Suppose w - q*x - 7338 = -440, 4*w = -4*x + 27672. Suppose 0 = -5*p - 4*n - 0*n + w, -n + 1383 = p. Is p composite?
False
Is 25395/9*6063/215 composite?
True
Suppose 9 = 4*b - 3*b. Suppose 0 = 5*u - 4*q + 5*q - 5738, 3*q - b = 0. Suppose -3*m - 2*m - u = -4*v, -5*v + 5*m + 1440 = 0. Is v composite?
False
Suppose 3*r + 4*x + 4 - 8 = 0, -22 = -3*r + 5*x. Suppose -4*t + r*l - 1051 = -8427, -2*t = 3*l - 3703. Is t a composite number?
False
Let o(k) = -6*k**3 - 8*k**2 + 9*k. Let t be o(1). Let i(c) = 313*c**2 + 24*c + 148. Is i(t) a prime number?
True
Suppose -8*f - 2*f = -1070. Suppose -f*j + 6 = -105*j. Suppose j*r = -4*r + 34195. Is r prime?
False
Let m(w) be the second derivative of w**5/60 - w**4/4 + w**3/6 + 9*w**2/2 + 8*w. Let j(d) be the first derivative of m(d). Is j(-8) composite?
False
Let q be -3 - (75 - (-21)/(-7)). Is 8824/5 + (-15)/q composite?
True
Let o(y) be the first derivative of 13*y**3/3 - 14*y**2 + 15*y + 75. Is o(14) a composite number?
True
Let b = -300 + 297. Is b - (3*-1 - (3261 - 10)) prime?
True
Let n be (-1)/(-6) + 81170/60. Let v = -884 + n. Is v prime?
False
Let b = 5114 - 3603. Let z = b + -2977. Let d = z - -3757. Is d composite?
True
Let a(q) = 870*q - 3271. Is a(58) a composite number?
False
Let c(a) = -20092*a + 475. Is c(-3) a prime number?
False
Let i(h) = -947*h + 43. Let u(s) = 947*s - 43. Let b(x) = -4*i(x) - 5*u(x). Is b(-2) composite?
True
Let l(y) = 234*y**2 - 15*y + 16. Let t = -131 + 122. Is l(t) composite?
True
Let h = -14 + 21. Let w = 7 - h. Suppose u - 57 + 11 = w. Is u a composite number?
True
Let o = 521 + -518. Suppose -2*t = o*a - 21635, -6*a + 36056 = -a + t. Is a composite?
False
Let p = -12430 - -26609. Is p prime?
False
Suppose 41*v + 14*v = -271*v + 164135458. Is v composite?
False
Let i = 736 - 736. Is (-2 - -17523 - i)/1 composite?
True
Let d = 1064078 - -1102799. Is d prime?
True
Suppose 4*i + 109 = 3*f, -i - 134 = -3*f - 28. Suppose -29*r + f*r = 120. Suppose 0 = -2*u - 5*h + 174, -4 = -4*h - r. Is u composite?
False
Suppose -2*l + 5*r + 5 + 12 = 0, 0 = -4*l - 3*r + 21. Let s(q) = 206*q + 47. Is s(l) composite?
False
Let m(s) = s**3 - 2*s**2 + 3. Let q be m(2). Suppose -3*r = q, -2*r = -3*y + 410 + 345. Suppose -2*b = 3*i - y, 2*b - 221 = 2*i + 15. Is b prime?
False
Let m(z) = -3*z**2 + 4*z - 1. Let w(p) = 13*p**2 - 17*p + 5. Let k(u) = 9*m(u) + 2*w(u). Let t be k(-1). Is ((-6)/24 - (-3219)/(-12))*t a composite number?
True
Let m be (2/(-4))/((-35)/(-702310)). Let f = 17498 + m. Is f prime?
False
Let g(z) = 5551*z**2 - z - 67. Is g(8) a prime number?
False
Let z(h) be the second derivative of -h**4/6 - 25*h**3/3 - 16*h**2 + 11*h. Let c be z(-25). Let d = c + 123. Is d composite?
True
Let x(l) be the second derivative of 23*l**4 - 31*l**3/6 - 221*l**2/2 - 4*l - 1. Is x(-10) prime?
True
Suppose -h - 89 = -94. Suppose 1 = 3*g - h. Suppose 0 = -5*l - u + 892, -g*u = 4*l - 740 + 30. Is l prime?
True
Suppose 7*s = -3*o + 1524059 + 2195455, 5*o = -s + 6199286. Is o a prime number?
False
Let x(p) = -38*p + 4. Let c(k) = -77*k + 7. Let s(j) = -6*c(j) + 11*x(j). Let l be s(-1). Is (-52874)/l + 24/252 prime?
True
Suppose 4*r + 5*j + 11 = 0, -j = -4*r - 1 - 16. Is 2 - -11112 - (2 - r)/6 composite?
False
Let g = -85 + 90. Suppose -g*v - 18889 = -4*x, 23603 = 4*x + x + 2*v. Is x prime?
True
Let r(n) be the first derivative of n**3/3 - 7*n**2/2 + 9. Let a be r(9). Is (0 - -224) + (-54)/a prime?
False
Let h(t) = -3*t + 9. Let r be h(4). Let b be (r + 1)/(4*2/(-1308)). Is 14/((24/b)/4) prime?
False
Let b(i) = -i**3 + 4*i**2 - 15*i + 37. Let o be b(3). Let c(g) = 5906*g**3 + 3*g**2 + g + 1. Is c(o) prime?
False
Let a(h) = -30*h - 7. Let s(z) = 22 + 2 + 61*z - 9. Let k(y) = 13*a(y) + 6*s(y). Is k(-3) a prime number?
True
Let o(u) = 372*u**3 + u**2 - 78*u + 24. Is o(7) composite?
False
Let d be (-6 - 25/(-5))/(2/(-103948)). Is d/6 - (2 + (-24)/9) a prime number?
True
Let l(q) = 3*q**3 + 15*q**2 + 13*q + 4. Let h(y) = -4*y**3 - 15*y**2 - 14*y - 3. Let m(b) = 6*h(b) + 5*l(b). Let z be m(-9). Let i = -1278 + z. Is i composite?
False
Let b(q) = 36*q - 140. Let c be b(4). Is 6 + 37808/c - -3 a composite number?
False
Let u(f) = 56*f**2 + 2*f - 1. Let c be u(-3). Suppose d = -6*d + c. Suppose 0 = 3*y + 5*v - 15 - d, -y + 4*v = -57. Is y a prime number?
True
Let r = 2515 - 1019. Let m(z) = 536*z - 1. Let k be m(4). Let i = k - r. Is i composite?
False
Let x(t) = 67*t + 87. Suppose 5*q - 2*u = 94, -5 = 2*u - 1. Is x(q) prime?
False
Let j(p) = 108*p**3 - 3*p**2 - 4*p - 5. Let x be j(-2). Let h = -463 - x. Let k = -132 + h. Is k a composite number?
True
Suppose -5*l - 4*l = -45. Suppose 2*z - 17 = -9. Suppose -4566 = -l*t + i, 0 = -z*t - i + 4474 - 823. Is t a prime number?
False
Let a = 790665 + 2856292. Is a prime?
True
Let n = 177246 - 82777. Is n a prime number?
False
Let r = 1899322 + -1139451. Is r prime?
False
Suppose 7704 = 5*d + 1644. Suppose 4*h + 2404 = -3*l, 2*h + 7*l = 3*l - d. Let a = h + 935. Is a composite?
False
Let s = -12149 - 185346. Is ((32/80)/(-1))/(2/s) a prime number?
True
Let j(f) = -849*f - 5. Suppose 0 = -7*b + 12 + 16. Suppose 3*v + 10 = b. Is j(v) a composite number?
False
Let o be (14 + -17)*(-8)/3. Suppose 0 = 7*n + o*n - 6285. Is n prime?
True
Let s(l) = -l**3 - 8*l**2 + 22*l + 20. Let p be s(-10). Suppose -6*h - 4018 - 11126 = p. Is -1*-2*h/(-8) prime?
True
Suppose 2*x + 10 = 3*x. Let h(c) = 31*c**2 + c - 1. Is h(x) a composite number?
False
Suppose 3*a + 4*a - 5187 = 0. Let j = a + -443. Is j a composite number?
True
Suppose 3*v + 12 = 2*h + 5, 0 = -h - 2*v. Suppose -3*j = 3*r - 9, -j - 1 = -r - h*r. Suppose j*i - q - 1593 = 0, -q + 3211 = 4*i + 2*q. Is i a prime number?
False
Let l be 10/4*(-8 + 342/45). Is (43 - -10)/(((-2)/4)/l) a prime number?
False
Let b(s) = -s**3 - 5*s**2 - 6*s - 12. Let a be b(-3). Is ((4/a)/1)/((-4)/119676) prime?
True
Let l be (-30)/60 - (22/(-4))/(-1). Is ((-1181)/l)/(46/828) a prime number?
False
Let b(r) = 31*r**2 + 11*r - 321. Is b(-19) prime?
False
Let s = 8049 - 214. Suppose 48*b = 53*b - s. Is b composite?
False
Let j = 10203 - 4518. Let a be (2 + 1 - 1)/(3/j). Suppose 9*t - 4*t - a = 0. Is t a composite number?
True
Suppose 2*t + g - 7 = 0, 3*t = t - 4*g - 8. Suppose -t = -y - 2. Suppose 3*w = -n + y*w + 487, 0 = -5*n + w + 2435. Is n a composite number?
False
Let a = 512822 + -327921. Is a composite?
False
Let s be 8/(48/27) - (-6)/(-4). Suppose s*p - 3062 = 2*p + 2*d, -4*p - 2*d + 12288 = 0. Suppose -p = -4*a + v + 322, -5*v = -20. Is a a prime number?
False
Suppose 227*t - 229*t = -127846. Is t prime?
False
Suppose -6*n + 2*n + c = 40049, -2*c - 50045 = 5*n. Let s = -5824 - n. Is s prime?
False
Suppose -5*k - 5*j + 857080 = 0, 74*k - 77*k = j - 514260. Is k prime?
False
Suppose -40*m = -37*m. Suppose -5*k - 1223 - 568 = -d, m = 2*d - 4*k - 3570. Is d composite?
True
Let d = 578 + -592. Is 6/d + (-460665)/(-21) + -7 a composite number?
False
Is 3/(5/((-25267460)/18))*(-54)/12 a prime number?
False
Let f = 52231 + -33701. Suppose 12*h - 42826 - f = 0. Is h composite?
False
Let w = 4461892 - 3025505. Is w composite?
False
Let u(b) = -2*b**2 - 22*b + 4. Let o be u(-11). Suppose -o = 3*g + v, 5*v + 16 = -4*g - 4. Suppose g = 33*j - 34*j + 1891. Is j a composite number?
True
Let a(z) = -2180*z + 31. Let v be a(-4). Let f = v - 5854. Is f prime?
True
Let j = 2451 - 1122. Let p = 1670 + j. Is p composite?
False
Let v(a) = -18*a**2 - 23*a + 11. Let w be v(12). Let k = 7608 + w. Is k 